{"id":79,"date":"2014-01-06T11:13:45","date_gmt":"2014-01-06T10:13:45","guid":{"rendered":"http:\/\/www.sverkerastromfoundation.se\/rus\/?page_id=79"},"modified":"2014-01-06T11:14:11","modified_gmt":"2014-01-06T10:14:11","slug":"%d0%bc%d1%8b-%d0%b1%d0%bb%d0%b0%d0%b3%d0%be%d0%b4%d0%b0%d1%80%d0%b8%d0%bc","status":"publish","type":"page","link":"http:\/\/www.sverkerastromfoundation.se\/rus\/%d0%b2-%d0%bf%d0%b0%d0%bc%d1%8f%d1%82%d1%8c\/%d0%bc%d1%8b-%d0%b1%d0%bb%d0%b0%d0%b3%d0%be%d0%b4%d0%b0%d1%80%d0%b8%d0%bc\/","title":{"rendered":"\u041c\u044b \u0431\u043b\u0430\u0433\u043e\u0434\u0430\u0440\u0438\u043c"},"content":{"rendered":"<p>Agneta Lembrin v Sneidern<br \/>\nAlf W Johansson<br \/>\nAnita och Henric Ankarcrona<br \/>\nAnita Theorell<br \/>\nBengt Barkman<br \/>\nBernhard Gwerin<br \/>\nBertil Roth<br \/>\nBitte Hammargren<br \/>\nBritt och Knut St\u00e5hlberg<br \/>\nCaj o Harriet Groth<br \/>\nCamilla Bauer<br \/>\nCaroline Palmstierna<br \/>\nCharlotta Sparre<br \/>\nClaes-G\u00f6ran Befrits med familj<br \/>\nElisabeth och Mats Hellstr\u00f6m<br \/>\nEva Dieden<br \/>\nEva Nordenson<br \/>\nGunilla \u00c5berg<br \/>\nG\u00f6te Andersson<br \/>\nHans Lindblad<br \/>\nHans Sj\u00f6berg<br \/>\nHarald och Andreas Hamrin<br \/>\nHedvig Henriksson och Spellingekusinerna<br \/>\nHelena Forsberg-Drevius<br \/>\nH\u00e5kan Granqvist<br \/>\nIngemar Stjernberg<br \/>\nInger och Hans Corell<br \/>\nInger och Roland P\u00e5lsson<br \/>\nIngmar Lindmarker<br \/>\nIngrid och Ingvar Carlsson<br \/>\nJohan de Champs och \u00c5sa Mogard<br \/>\nKerstin Fagerstr\u00f6m<br \/>\nKugelbergska sl\u00e4ktf\u00f6reningen<br \/>\nLars Anell<br \/>\nLars Arn\u00f6<br \/>\nLars Gundberg<br \/>\nLars Hult\u00e9n<br \/>\nLars-Erik Holm<br \/>\nLena Holger<br \/>\nLena och Olle Granath<br \/>\nMaj-Britt Grahn<br \/>\nMargareta Bi\u00f6rck med familj<br \/>\nMargareta Hennix<br \/>\nMargareta och Peder Halling<br \/>\nMartin Appel<br \/>\nMartin Valfridsson och Niels Henrik Hansen<br \/>\nMay Serner<br \/>\nPer Bjurstr\u00f6m och G\u00f6rel Cavalli-Bj\u00f6rkman<br \/>\nPer L Lindstr\u00f6m<br \/>\nPer Ole J\u00f6dahl<br \/>\nPontus Grate<br \/>\nRolf Eriksson<br \/>\nStaffan Ridelberg<br \/>\nSten, Birgitta, Rikard Westerberg, Paola Wennerholm<br \/>\nSuzanne Bonnier<br \/>\nSven Hirdman<br \/>\nSven Otto Allard<br \/>\nTommy M\u00f6ller<br \/>\nUlf Bjereld och Marie Demker<br \/>\nUlf och Louise Dinkelspiel<\/p>\n","protected":false},"excerpt":{"rendered":"<p>Agneta Lembrin v Sneidern Alf W Johansson Anita och Henric Ankarcrona Anita Theorell Bengt Barkman Bernhard Gwerin Bertil Roth Bitte Hammargren Britt och Knut St\u00e5hlberg Caj o Harriet Groth Camilla Bauer Caroline Palmstierna Charlotta Sparre Claes-G\u00f6ran Befrits med familj Elisabeth och Mats Hellstr\u00f6m Eva Dieden Eva Nordenson Gunilla \u00c5berg G\u00f6te Andersson Hans Lindblad Hans Sj\u00f6berg [&hellip;]<\/p>\n","protected":false},"author":1,"featured_media":0,"parent":7,"menu_order":0,"comment_status":"open","ping_status":"open","template":"","meta":{"_links_to":"","_links_to_target":""},"aioseo_notices":[],"_links":{"self":[{"href":"http:\/\/www.sverkerastromfoundation.se\/rus\/wp-json\/wp\/v2\/pages\/79"}],"collection":[{"href":"http:\/\/www.sverkerastromfoundation.se\/rus\/wp-json\/wp\/v2\/pages"}],"about":[{"href":"http:\/\/www.sverkerastromfoundation.se\/rus\/wp-json\/wp\/v2\/types\/page"}],"author":[{"embeddable":true,"href":"http:\/\/www.sverkerastromfoundation.se\/rus\/wp-json\/wp\/v2\/users\/1"}],"replies":[{"embeddable":true,"href":"http:\/\/www.sverkerastromfoundation.se\/rus\/wp-json\/wp\/v2\/comments?post=79"}],"version-history":[{"count":2,"href":"http:\/\/www.sverkerastromfoundation.se\/rus\/wp-json\/wp\/v2\/pages\/79\/revisions"}],"predecessor-version":[{"id":81,"href":"http:\/\/www.sverkerastromfoundation.se\/rus\/wp-json\/wp\/v2\/pages\/79\/revisions\/81"}],"up":[{"embeddable":true,"href":"http:\/\/www.sverkerastromfoundation.se\/rus\/wp-json\/wp\/v2\/pages\/7"}],"wp:attachment":[{"href":"http:\/\/www.sverkerastromfoundation.se\/rus\/wp-json\/wp\/v2\/media?parent=79"}],"curies":[{"name":"wp","href":"https:\/\/api.w.org\/{rel}","templated":true}]}}